4*q = -5*q + 4. Suppose 5*g - q*g = 0. Determine j(g).
-5
Let i(v) = -5*v + 3. Let w(c) = 4*c - 2. Let z(y) = 5*i(y) + 6*w(y). Let j be z(4). Let d(u) = -4*u**3 - 1. Give d(j).
3
Let k = 0 + 9. Let z(f) = 1 - k*f - 2 + 3*f. Suppose h - 4*h + 7 = -5*a, -2*h = a + 4. Determine z(h).
5
Let q(s) = 7*s + 1 + 2 - 2*s - 2. Let g be 15/(-10)*(-2 - 24/(-9)). Give q(g).
-4
Let x(y) be the third derivative of 2/3*y**3 + 0 + 0*y + 1/12*y**4 + 2*y**2. Calculate x(4).
12
Let r = -8 + 5. Let l(t) = 3. Let c(g) = 2. Let h(o) = -4*c(o) + 3*l(o). Let j(s) = s - 3. Let b(k) = -6*h(k) - j(k). Give b(r).
0
Suppose -2*i = 2 + 4. Let s(u) = u + 7. Let r be s(-5). Let j(p) = -2*p - 2*p - p**3 + p**r - 3*p**2 - 2*p**2. Calculate j(i).
3
Let v(t) = 0*t + 2 - 1 + 2*t. Suppose h + 4 = 5*h. Determine v(h).
3
Suppose -2*p + p = 0. Let w be -2 - -4 - (0 + -1). Let x(q) = -q**2 - q - 2*q**3 - 8*q**w + 9*q**3 - 3. Calculate x(p).
-3
Let l(z) = -7*z - 1. Let n be l(-1). Let c(b) = -3*b + 4*b + n*b. Let x = -3 - -2. Determine c(x).
-7
Let y(n) = n - 2. Suppose 4*l - 20 = 5*f - f, -4*l - 2*f = 4. Suppose -3 = -3*g - 5*r, 4*r = -2*g + r + l. What is y(g)?
-6
Suppose -2*c - l = -5 - 0, 17 = 5*c + 4*l. Let p(d) = -6*d + 9. Let u(q) = -q + 2. Let r(i) = -p(i) + 4*u(i). Calculate r(c).
1
Suppose -10*r + 7*r - 9 = 0. Let g(c) = -c**3 - 2*c**2 + 3*c + 1. Calculate g(r).
1
Let i(q) = -2*q**2 + 3*q - 7. Let t(g) = -g**2 + 2*g - 6. Let l(x) = -2*i(x) + 3*t(x). Give l(0).
-4
Let r = 6 - 4. Let z(q) = -q - q**3 - 5*q - 2 - 3*q**r + q**2 + 3*q. Determine z(-2).
4
Let w = 4 + -1. Suppose 2 = -5*i - w. Let u = i - 4. Let x(o) = -o**3 - 6*o**2 - 4*o + 5. Determine x(u).
0
Suppose -m - 20 = 3*m. Let p be 5 + 3/(-1 + 0). Let h(f) = 1 - 5*f**3 + 4*f**3 - 4 + 2 - 5*f**p. Determine h(m).
-1
Let l(w) be the second derivative of w**3/6 - w**2 - w. Let p(u) = u + 10. Suppose 4*z + 20 = 2*z. Let g be p(z). Calculate l(g).
-2
Let n(g) = -g**2 - 10*g - 7. Let v be n(-9). Let o(r) = r - v*r + 0*r + 8. What is o(0)?
8
Let a(y) = 9*y**3 - 2*y**2 - y. Let u = 6 + 1. Let m = u + -6. Suppose -3*q - 4 + m = 0. Give a(q).
-10
Let f(t) be the third derivative of 0*t - 1/3*t**4 + 7/60*t**5 + 0 - 1/120*t**6 - 2*t**2 + 7/6*t**3. Give f(6).
-5
Let m(a) = 4*a - 32 + 70 - 39. Calculate m(-2).
-9
Let f = -309 - -310. Let z(c) be the first derivative of -c**6/12 + c**5/30 - c**4/24 - c**2/2 - 2. Let y(a) be the second derivative of z(a). What is y(f)?
-9
Let l = 139/3 + -46. Let k(h) be the first derivative of 2 - 2*h - 1/2*h**2 + l*h**3. What is k(-2)?
4
Let j(p) be the third derivative of p**5/30 + 13*p**4/24 + 2*p**3/3 + 4*p**2. Let x(s) = s**2 + 6*s + 2. Let a(t) = -3*j(t) + 7*x(t). Determine a(-3).
2
Let t(m) = -m**2 + m. Let i(c) be the third derivative of 0*c + 1/6*c**3 - 5*c**2 + 0 + 1/12*c**4 - 1/60*c**5. Let g be i(2). What is t(g)?
0
Let q(g) = -g**2 + 0 - 3 + 3 - 3. Let d(u) = 2*u**2 + u + 7. Let z(v) = -2*d(v) - 5*q(v). Calculate z(1).
0
Let w = 21 + -19. Suppose 2*i - 3*f = 6*i, 0 = -w*i + 4*f. Let q(x) = x**2 - 7. Determine q(i).
-7
Let t = 7 + -4. Suppose 7 = 6*u - u + 2*w, -2*u = -5*w - 26. Let n(y) = t - 2 - u*y + 0. Determine n(-2).
7
Let t(d) = d**3 - d**2 - 2*d - 4. Let m be 2/7 + 133/49. Calculate t(m).
8
Let t(i) be the third derivative of -1/15*i**5 + 5*i**2 + 1/120*i**6 + 0 - 1/3*i**4 + 0*i + i**3. What is t(5)?
-9
Let a(i) be the first derivative of i**2 + i - 21. What is a(-1)?
-1
Let k(q) = q + 1. Suppose -5*r = -8 + 3. Give k(r).
2
Let m be -2 + -1 + 3 + 0. Let q(f) = m*f + 0 + f + 1. Let l = 1 + -1. What is q(l)?
1
Suppose 45*l = 44*l + 5. Let x(t) be the third derivative of -2/3*t**3 + 1/30*t**l + 0*t + 0 - 1/120*t**6 - 3*t**2 + 5/24*t**4. What is x(3)?
2
Let a(x) = x**3 - 8*x**2 + x - 3. Let m(c) = c**2 - 3*c - 8. Let j be m(5). Suppose -15 = -j*k + 1. Give a(k).
5
Let f(q) = 3*q - 3*q + 1 - 7*q + q. Let s be ((-2)/(-5)*5)/2. Calculate f(s).
-5
Let g(a) = -6*a**2 - a - 1. Let i be 1/3 - 28/21*1. Calculate g(i).
-6
Let z(t) = -2*t - 1. Let y(a) = a**3 - 7*a**2 - 8*a + 4. Let i be y(8). Suppose -6 = -i*n + n. Suppose n*u = -u + 6. Give z(u).
-5
Let f(y) = -y. Let r(l) = -l - 1. Let n(c) = 3*f(c) - 2*r(c). Calculate n(0).
2
Let q(t) = t**2 + t - 1. Let a(z) = -3*z**2 + 5. Let d(m) = -a(m) - 2*q(m). Give d(4).
5
Let f(z) = -4 + 0 + z**2 - 2*z**2 + 3*z. Suppose -5*k + 24 = 2*b, 2*b + 7 = 2*k + 3. What is f(k)?
-8
Let v(a) be the second derivative of -a**3/6 + 3*a**2/2 - 5*a. Let f(h) = -h - 11. Let z be f(-8). Let k be z/12 - 30/8. What is v(k)?
7
Suppose 0*t - 6 = -2*t. Let g be (13 + -2)/(1 - 0). Let r(i) = -4*i - 2*i + 10 + 4*i - g. Determine r(t).
-7
Let y(j) = 0*j + 2*j - 5*j - 6 + 4*j. Let w(u) = u**3 - 5*u**2 + u - 1. Let z be w(5). Determine y(z).
-2
Let y(l) = -4*l**3 + 2*l**2 + l + 7. Let d(b) = 9*b**3 - 3*b**2 - 3*b - 14. Let i(q) = 3*d(q) + 7*y(q). What is i(5)?
-3
Let h(m) be the second derivative of m**7/2520 + m**6/360 + m**5/30 - m**4/6 - m. Let f(l) be the third derivative of h(l). What is f(-3)?
7
Let m(z) = 3*z**2 + 4*z - 2. Let d(h) = -h**3 - 4*h**2 - 6*h + 3. Let w(p) = 2*d(p) + 3*m(p). Calculate w(2).
-12
Let i(v) be the third derivative of v**5/60 + v**3/3 + 10*v**2. Let q be 1 + -1 + 1 + -1. What is i(q)?
2
Let a = 45 - -8. Let n(d) = -4 - 5*d + a*d**2 - 54*d**2 + 7. Give n(-4).
7
Let s(i) be the second derivative of -i**5/20 + 5*i**4/6 - 3*i**3/2 + 5*i**2/2 + 19*i. Determine s(9).
5
Suppose 2*q = 3*b - 19, -4*q + 2 = 4*b - 2*b. Let l(x) = 20*x**2 - 1 - 21*x**2 + 3*x + 2. Determine l(q).
-9
Let y(g) = 2*g - 5. Let s(w) = -w - 1. Let u(j) = 3*s(j) + y(j). Suppose 0 = 4*a - 2*k + 7*k - 24, 0 = 3*a + 5*k - 18. Calculate u(a).
-14
Let b(m) = -m**2 - 17*m - 19. Let c be b(-16). Let v(p) = -1 + 3*p - 4*p + 2*p + 2*p**2 + 0*p**2. Give v(c).
14
Let t(h) = -h + 7. Let f be t(0). Let u be 8/(-28) + (-19)/f. Let r(o) = o**2 + 2*o**2 + 3*o**3 - 1 - 2*o**3 + o. Determine r(u).
-4
Let v(n) = 2*n**3 + 5*n**2 - 6*n + 6. Let a(j) = -3*j**3 - 8*j**2 + 9*j - 9. Let r(c) = -5*a(c) - 8*v(c). Let g = -17 - -24. Let x = -5 + g. Calculate r(x).
-5
Let o(y) = y**2 + 14*y + 25. Let d be o(-12). Let i be ((-14)/35)/(d/(-15)). Let p(k) = -k**3 + 5*k**2 + 4*k + 1. What is p(i)?
-11
Suppose h = -4*h + 25. Suppose 3*t - 2*l = 29 - 11, t = -3*l - h. Let i(a) = 8 - 2 + 4*a - t*a + a. Calculate i(0).
6
Suppose -7*k + 20 = -3*k, -3*k = 3*x - 18. Suppose 0 = -g + 3 - x. Let t(r) = -r**2 - r + 1. What is t(g)?
-5
Let r be ((-4)/6)/((-2)/45). Suppose 7*n = 2*n + r. Suppose n*b - 1 - 11 = 0. Let q(z) = -z**2 + 4*z + 3. Determine q(b).
3
Let v(q) = -q**3 - 8*q**2 - 6*q - 2. Suppose 7*f - f + 42 = 0. What is v(f)?
-9
Let q(k) be the third derivative of k**5/60 - k**4/4 - k**3/6 + k**2. What is q(4)?
-9
Let h(k) = 6*k - 15. Let r(m) = -m + 3. Let j(v) = 2*h(v) + 11*r(v). Let i = -8 - -12. What is j(i)?
7
Let j(s) = 4*s - 2. Suppose 2*q - z = -6, -5*q - 23 + 9 = -2*z. Let l be (-29)/(-9) - q/(-9). Give j(l).
10
Let w(v) = v + 1. Suppose 8 - 2 = 2*f. Suppose -2*q - q - f = 0. Let n = q + 3. Determine w(n).
3
Let i(j) = 3*j**2 - j. Let w = -16 + 24. Let m = w - 7. Calculate i(m).
2
Let x = 9 + 0. Suppose 2*i = -2*v, i + v + x = -3*v. Let h(w) = 4*w - 4. Give h(i).
8
Let q(s) be the third derivative of -s**5/60 + s**4/24 + s**3/6 + s**2. Let w be 1 - -1 - (-7)/1. Let a be 10/45 + 16/w. Give q(a).
-1
Let h(a) be the second derivative of -a**4/24 - 5*a**3/3 - 5*a**2/2 + a. Let t(q) be the first derivative of h(q). What is t(-5)?
-5
Let n(q) = 3*q**2 - q - 2. Let x be ((-5)/(-5))/(-1) - -4. Give n(x).
22
Let g(l) be the third derivative of l**6/120 - l**5/12 + l**4/4 - l**3 - 9*l**2. Give g(4).
2
Let f(m) = -m + 2*m**3 + 1 - m**2 + 8 - 3*m**3. Suppose 4*p = 4*t + 8, 5*t + 10 = -0*p - p. Let d = t + 2. Give f(d).
9
Let v(m) be the second derivative of -m**5/20 + 5*m**4/12 - 3*m**2 - 2*m. Let z = 12 + 3. Let a be (-5)/z*(-15 + 0). What is v(a)?
-6
Let d(y) be the first derivative of 1 - 1/3*y**3 - 7*y + 3*y**2. Let b be 2/6 + (-98)/(-21). Determine d(b).
-2
Suppose -3*h + 8 = -j - 7, 0 = -3*h + 3*j + 9. Suppose 8 = 2*x + 2*x. Let l(f) = 0*f**2 + 0*f**2 + f**x - 6*f - f + 4. Give l(h).
-2
Let d be 1 - 0 - 3/(-3). Let u = d - -1. Suppose -u*c + 3 = 9. Let h(v) = -2*v**3 - 3*v**2 - v - 1. What is h(c)?
5
Let b = -18 - -